 the remainder when 12 is divided by v.
5
Let b = -409 - -413. Let k(v) = -v - 3. What is the remainder when b is divided by k(-6)?
1
Let t(a) = 8*a**2 + a. What is the remainder when t(1) is divided by 4?
1
Let w = -20 - -216. What is the remainder when w is divided by 50?
46
Let m = -25 + 29. Calculate the remainder when m is divided by 3.
1
Suppose v = -0*v - 3*a - 6, -3*a = -3*v + 6. Suppose 0 = -v*h - h - 24. Let m = -12 - h. Calculate the remainder when m is divided by 7.
5
Suppose -3*f + 4 = -2, -3*l - 3*f = -42. Suppose k + 4*k - 115 = 0. Calculate the remainder when k is divided by l.
11
Let d = 153 + -103. What is the remainder when d is divided by 13?
11
Let m = -28 - -37. What is the remainder when m is divided by 7?
2
Suppose -22 = -3*p + 17. Suppose 4*s = i - 2*i + 29, 3*s = 5*i - 260. Calculate the remainder when i is divided by p.
10
Let h be (34/1)/((-1)/(-2)). Let a = -4 - -19. Suppose 4*u - 8 = -t, 4*t = u + a + h. Calculate the remainder when t is divided by 11.
9
Suppose 5*x - 2*y = -4, 3*x - 4*y + 4 = -4. Suppose -4*s + 9*s = x. Suppose s = 3*q, -q = 4*u + 3*q - 140. Calculate the remainder when u is divided by 12.
11
Let b = 14 - 9. Suppose 0*v = b*o - 4*v - 64, -3*v - 4 = -o. Let z(g) = -6*g + 4. What is the remainder when z(-7) is divided by o?
14
Let k be (36 - -2) + (-2)/(-2). Suppose 4*p + 7 = k. Let y = 21 - p. Calculate the remainder when 38 is divided by y.
12
Let f(v) = -6*v + 1. What is the remainder when f(-2) is divided by 7?
6
Suppose -4*s + 176 = 5*c, -57 - 44 = -3*s + 4*c. What is the remainder when s is divided by 1/(-1) + (2 - -13)?
11
Let a be (8/3)/((-6)/(-9)). Suppose 4*v = j + 80, -a*v = -2*j + 25 - 101. Calculate the remainder when v is divided by (-134)/(-12) + (-1)/6.
10
Let a(w) = -w**3 - 8*w**2 - 13*w + 9. Let y = -18 + 12. Let h(v) = -v**2 + 10*v + 3. What is the remainder when h(6) is divided by a(y)?
12
Suppose 3*n - 3*s = 5*n - 47, n + 5*s = 41. Let g = 9 - 6. Suppose g*m = -0*m + 18. What is the remainder when n is divided by m?
4
What is the remainder when (-622)/(-6) + ((-96)/(-18))/(-8) is divided by 27?
22
Let w(o) = 2*o - 4. Let d be (-45)/(-6)*(-8)/(-10). Let r be (-1 + 3/2)*d. Calculate the remainder when 3 is divided by w(r).
1
Let j be (-6 + 0)/(12/(-200)). Suppose -j = -2*z - 3*z. Suppose 2*d + 5*p = -3*d + z, 11 = 2*d + p. Calculate the remainder when 12 is divided by d.
5
Let a(o) = 5*o + 5. Let x(i) = i + 1. Let u(q) = -2*a(q) + 11*x(q). Suppose 3*p - 23 = -5. What is the remainder when 13 is divided by u(p)?
6
What is the remainder when 46 is divided by (28/35)/(2*3/195)?
20
Suppose l - 2*l - 8 = m, 5*m - 4*l = -22. Let z = 22 + m. What is the remainder when z + (1 - (1 + -1)) is divided by 9?
8
Suppose -17*w + 21*w = 68. Calculate the remainder when 66 is divided by w.
15
Let x = -5 + 8. Let d = 11 + -7. What is the remainder when x is divided by (d/(-2))/(-2 - -1)?
1
Let g(f) = -4*f**3 - 1. Let h be g(1). Let k = h + 7. Calculate the remainder when 3 is divided by k.
1
Suppose 34 = 2*k - 18. What is the remainder when (-42)/6*k/(-7) is divided by 7?
5
Let q(z) = -z - 3. Calculate the remainder when 10 is divided by q(-7).
2
Let y(i) = -i**3 + 6*i**2 + 8*i + 11. What is the remainder when 70 is divided by y(7)?
16
Let h = 15 - 5. Let r be ((-2)/2)/((-3)/12). What is the remainder when h is divided by 12/10*(9 - r)?
4
Let a = 3 + 34. What is the remainder when a is divided by 10?
7
Let k(v) = v**2 + v - 4. Let a be k(-3). Suppose -r = -5*i + 3*r + 8, -a*i - 2*r + 14 = 0. What is the remainder when 6 is divided by i?
2
Let s(m) = -m**2 - 4*m + 3. Let q = -6 + 3. What is the remainder when 16 is divided by s(q)?
4
Suppose -s + 106 = p + 3*s, 2*p - 206 = -5*s. Calculate the remainder when p is divided by 25.
23
Calculate the remainder when (-2)/(-4) + (-2970)/(-20) is divided by 38.
35
Let y be 2*-1*(-3)/2. Suppose 0 = -y*a - a + 92. Calculate the remainder when 89 is divided by a.
20
Suppose 0*b + 5*b = 175. Let a = b + -16. Let k = 24 + -14. Calculate the remainder when a is divided by k.
9
Suppose -2 = -5*j + 13. Suppose 4*l + 2*c + 6 = 0, -2*c + 1 - 3 = 0. What is the remainder when 2 - l - (-4 - 1) is divided by j?
2
Let b(c) = -17*c - 1. Let x be b(-3). Suppose -o + x = o. What is the remainder when 73 is divided by o?
23
Suppose 4*t - 36 = -5*n + 26, 2*t = -n + 10. Let j be (-8)/(-20) + n/(-10). Let f(a) = 9*a**2. What is the remainder when 26 is divided by f(j)?
8
Let u = -160 + 284. Suppose 0 = 4*p + 16 - u. What is the remainder when p is divided by 10?
7
Let f(r) = -r**3 + r**2 + r + 16. What is the remainder when 46 is divided by f(0)?
14
Suppose 0 = -8*b - 33 + 169. Calculate the remainder when 30 is divided by b.
13
Suppose -2*g + 22 = -6*y + 2*y, -3*y - 10 = -g. Calculate the remainder when 49 is divided by g.
10
Suppose -8*m - 129 + 593 = 0. What is the remainder when m is divided by 30?
28
Let n = 55 + -54. What is the remainder when 2 is divided by n?
0
Let v(r) = 2*r - 1. Suppose 2*t - 37 + 13 = -2*b, 3*b + 4*t - 36 = 0. What is the remainder when b is divided by v(2)?
0
Suppose -52 = -5*p + 118. Let l = p - -15. What is the remainder when l is divided by 13?
10
Suppose 7 = r + 3. Calculate the remainder when 9 is divided by 4/r + (-2)/(-1).
0
Suppose 0 = p - 0*p - 1. Let z = 7 - p. What is the remainder when -39*(-2)/z*2 is divided by 7?
5
Calculate the remainder when 2/(-7) + 1287/21 is divided by 124/6 - (-6)/18.
19
Let t = -61 - -76. Calculate the remainder when 53 is divided by t.
8
Let j(c) = -3*c + 2. Let n = -30 + 34. Calculate the remainder when j(-3) is divided by n.
3
Suppose -5*n - 13 = -33. Suppose 0 = 4*a - 2*l - 16, 0*a - 4*a - 3*l = -36. Calculate the remainder when a is divided by n.
2
Let b(j) = -j**3 + 12*j**2 - 11*j - 13. Let h be b(11). What is the remainder when (-76)/(-5) + h/65 is divided by 9?
6
Let i = -6 + 20. Calculate the remainder when i is divided by (9/(-6))/(3/(-8)).
2
Suppose 2*s + 2*s - 52 = 0. Let m = s + 22. What is the remainder when m is divided by 19?
16
Let a = -14 + 26. Suppose -65 = -15*d + 40. What is the remainder when a is divided by d?
5
Suppose -2*m = 4*l + 3*m - 15, 0 = 2*l + 4*m - 6. Calculate the remainder when 16 is divided by l.
1
Suppose 0 = 5*o - 18 - 2. What is the remainder when 6 is divided by o?
2
Let g be -5*6/(-10)*-2. Let q = -66 + 100. What is the remainder when q is divided by (3 + g/4)*8?
10
Calculate the remainder when 42/10 + 14/(-70) is divided by 4.
0
What is the remainder when (-4)/(-6) + (1309/21 - 1) is divided by (-2)/7 - 452/(-14)?
30
Suppose 6*y - 41 = 61. What is the remainder when 49 is divided by y?
15
Let w = -88 - -103. What is the remainder when 73 is divided by w?
13
Suppose -g + 3*x + 6 = -0*g, 0 = -5*x + 15. What is the remainder when 73 is divided by g?
13
Suppose 16*o - 72 = 10*o. What is the remainder when 45 is divided by o?
9
Let o = 10 - 0. Let b = 18 - 12. What is the remainder when o is divided by b?
4
What is the remainder when 2/(-18) + 1731/27 is divided by 22?
20
Suppose 2*l - 17 = -b, -3*l + 6*l - 4*b + 2 = 0. Let n = 26 - 16. Calculate the remainder when n is divided by l.
4
Suppose -5*y - b + 227 = -0*b, 0 = y - 3*b - 39. Suppose -3*h = 2*h - y. What is the remainder when h is divided by 5?
4
Suppose -3*r = -2*q - 49, -2*q - q - 82 = -5*r. Calculate the remainder when 30 is divided by r.
13
Calculate the remainder when 58 is divided by (6/(-3))/(3/(-15)).
8
Let q(s) = 1. Let o(i) = -4*i - 1. Let p(m) = -o(m) + 5*q(m). What is the remainder when p(10) is divided by 24?
22
Let v(n) = n**3 - 3*n - 3. Let m = 0 + 4. What is the remainder when v(m) is divided by 13?
10
Let x(v) = 3*v**3 + v**2 - 3*v + 1. Let w be x(1). Let i = -1 + 1. Suppose 0 = w*o - i*o - 116. What is the remainder when o is divided by 20?
18
Suppose 6*f + 2*q - 44 = 3*f, 0 = -5*f - 2*q + 76. What is the remainder when 49 is divided by f?
1
Suppose 0*z + 264 = 6*z. Calculate the remainder when 128 is divided by z.
40
Suppose 0 = -a + 8 - 3. Suppose 16 = -a*s + 96. What is the remainder when 30 is divided by s?
14
Let h(z) = 2*z + 6. Calculate the remainder when h(14) is divided by 18.
16
Suppose 0 = -7*w + 5*w + 160. Suppose -4*u + w = s - 1, 2*u - 28 = 2*s. Calculate the remainder when 37 is d